ns digit of n?
8
Let b(f) = -4*f - 6. Let r be 1/((-1)/(-2)) + 3. Suppose 5 = 2*o - 3*c, 2*c + 0*c + r = o. What is the units digit of b(o)?
4
Suppose 5847 = 34*l - 30*l + 5*t, -2*l - t + 2925 = 0. What is the units digit of l?
3
Suppose -4*v + 16 + 4 = 0. Suppose -v*k - 2*x - x + 21 = 0, -k + 5*x - 7 = 0. Let f(j) = -j**3 + 4*j**2 + 5*j - 2. What is the tens digit of f(k)?
2
Let v = 1628 - 2464. Let g = v + 1568. What is the units digit of 2/5 + g/20?
7
What is the thousands digit of (-2)/(36730/9185 - 4)?
1
Let h(c) = 5*c**2 - 3. Let x(r) = r**3 - r**2 + r - 3. Let t be x(0). What is the tens digit of h(t)?
4
Suppose -5*m + 5*k = -25, -2*k = -0*m - m + 10. Suppose 2*l + m*l = 46. Let p = 42 - l. What is the tens digit of p?
1
Let r be 1 + -1*76/(-4). Let c = r - 6. What is the tens digit of c?
1
Let n(r) = 6*r**2 + 2*r + 7. Suppose q - 4*q + 144 = 0. Let z be (-57)/18 + 8/q. What is the units digit of n(z)?
5
Let n(f) = -f**3 - 3*f**2 - 5*f + 31. What is the units digit of n(-11)?
4
Suppose 3*v + 5*n = 5887, -51*v + 1957 = -50*v + 3*n. What is the units digit of v?
9
Let p(s) = -21*s - 24. Suppose -20 = -5*a + 10*a. What is the units digit of p(a)?
0
Let z = 5 - 9. Let a be z + (2 - 5) + -7. Let h = 5 - a. What is the units digit of h?
9
Let w(q) = 10*q + 48. Let m(k) = 5*k + 24. Let y(n) = -7*m(n) + 3*w(n). What is the units digit of y(-13)?
1
Let s = -660 - -2065. What is the units digit of s?
5
What is the hundreds digit of 15542/12 - 3 - (-7)/(-42)?
2
Let z(l) = l**2 + 1. Let x be z(1). Let q be 1 - x - (-20)/4. Suppose -18 = -2*a + q. What is the units digit of a?
1
Let s(i) = i**2 - 9*i + 10. Let w be s(9). Suppose -2 = 4*f - w. Suppose -f*k + 6*k = 56. What is the tens digit of k?
1
Suppose -106 = -2*q + 2*r, -5*q + 2*r + 78 = -196. Suppose 129 = -4*y - 27. Let z = q + y. What is the units digit of z?
7
Suppose -28 = 13*l - 119. What is the units digit of l/((-2)/(-3)*(-3)/(-40))?
0
Suppose 16 = 4*b - 0. Suppose 0 = b*u - 296 + 44. What is the tens digit of u?
6
Let j be 1 - 3 - -3 - -3. Let c(g) = 3*g**3 - 4*g**2 - 3*g + 3. What is the hundreds digit of c(j)?
1
Suppose -1024 + 4432 = 24*d. Suppose -3*p + 584 = p. Suppose 2*y + 4*m - d = 0, 165 + p = 5*y - m. What is the units digit of y?
3
Let u = -583 - -1158. What is the tens digit of u?
7
Suppose 3*f = 2*n + 1431 + 569, 0 = f - 4*n - 680. What is the hundreds digit of f?
6
Let q(b) = -755*b - 39. What is the hundreds digit of q(-2)?
4
Let p(s) = -5*s**2 - 6. Let z(m) = -6*m**2 - m - 7. Let q(x) = -5*p(x) + 4*z(x). Let t = -6 - -2. What is the tens digit of q(t)?
3
Let w be (-185 + -9)/(-4 - -2). Suppose -8*o = -7*o - w. What is the units digit of o?
7
Suppose 2048 = 7*o - 5*o. What is the thousands digit of o?
1
Let h = 977 - 928. What is the tens digit of h?
4
Let u be (5 - (3 - 0)) + 2. Suppose 0 = 3*b + 5*l - 9, -3*b + u*l + 0*l + 36 = 0. What is the units digit of b?
8
Suppose 4*s + 7 = 5*p + 1, 3*s = 2*p - 1. Let x = p - -1. Let t = x + 0. What is the units digit of t?
3
Let r(q) = 5*q**2 - 23*q - 31. Let c(s) = -2*s**2 + 11*s + 15. Let i = -26 - -33. Let p(k) = i*c(k) + 3*r(k). What is the units digit of p(-11)?
5
Suppose 226 - 1790 = -4*b. What is the units digit of b?
1
Suppose 4 - 59 = -t. Suppose t = -8*s + 183. What is the units digit of s?
6
Let b = -32 + 25. What is the tens digit of ((-111)/21 + 1)*b?
3
Let y = -6 - -14. Suppose -20 + y = -4*u. Suppose -4*j = -n, j + u*j - 16 = -3*n. What is the units digit of n?
4
Let g(m) = -117*m + 340. What is the units digit of g(-39)?
3
Let z(x) = 4*x + 1. Suppose w = -5*f + 29, -2*f + 8 = -f - 2*w. Let a be z(f). Suppose 0 = q - v + 7 - a, -v + 51 = 2*q. What is the tens digit of q?
2
Let u(t) = -t**3 - 7*t**2 - 6*t + 2. Let n be u(-6). Let g(j) = 2 - 1 - 2*j**3 - 2*j - j**n - 2*j. What is the tens digit of g(-3)?
5
Suppose 0 = 2*d + 2*c + 1 - 17, 12 = -d + 3*c. Let o(b) = b**3 - 4*b**2 + 4. Let f be o(d). What is the tens digit of 3/f + (-128)/(-5)?
2
Suppose 2*w + a - 22 = -2*w, -6 = -3*a. Suppose 0 = -w*o + o - 16. What is the units digit of o + 7/(-1)*-10?
6
Let c(x) = 101*x**2 + 64*x - 521. What is the hundreds digit of c(7)?
8
Let c(x) = 118*x - 1. Let i be c(-2). Let s be 8/(-20) - i/5. Let j = s - 24. What is the tens digit of j?
2
Let g = 156 + 107. What is the hundreds digit of g?
2
Let p(l) = l**2 - l - 1. Let u be p(-2). Suppose -w - 3*x = -5*x, u*w - 2*x = 32. What is the units digit of w/44 - (-537)/11?
9
What is the units digit of 443/2 - (-8 - 204/(-24))?
1
Let q = -267 - -470. Let h = q - 17. What is the tens digit of h?
8
Let z(o) be the first derivative of o**3 + 2*o**2 + o - 12. What is the tens digit of z(-3)?
1
Let n be 0 + -4 + -15 + -3. Let w be n/(-55) - 86/(-10). What is the units digit of 1 + -5 - -1*w?
5
Suppose -o + 462 = 6*a - 5*a, -5*o - 1370 = -3*a. What is the units digit of a?
0
Let q(k) = -5*k**2 + 4 + k + 6*k**2 - 11*k. Let u be q(10). Suppose -11 + 7 = -u*v. What is the units digit of v?
1
Let o(z) = 44*z. Let k(f) = 15*f. Let b(a) = -17*k(a) + 6*o(a). Let s be b(3). Suppose -2*m = -m - s. What is the units digit of m?
7
Suppose -4*v + 5467 = 5*y, -5*v + 3288 = -0*y + 3*y. What is the hundreds digit of y?
0
Let b(l) = -l**3 - 20*l**2 - 22*l - 2. Let s be b(-19). Suppose 4*t = -5*y + 275, 0 = -0*y + y + t - s. What is the units digit of y?
5
Let n(u) = u**3 + 60*u**2 - 6*u - 18. What is the hundreds digit of n(-60)?
3
Let i(r) = -r**2 + 418. Let w be i(0). Suppose x - w = -4*h - 33, -h = 3*x - 99. What is the tens digit of h?
9
Suppose 2*v - 4*v = -5*r + 10, 2*r - 10 = 2*v. Let u(n) = 3 - 13*n + 9*n - n**3 + r*n**3 + 5*n**2. What is the units digit of u(4)?
3
Let c(d) = 4*d**3 - d**2 - 2*d. Let p be c(-2). What is the units digit of (-2 - -1)*p + 1?
3
Suppose 9*c = 5*c + 16. Suppose u - 58 = 5*f, -c*u = -6*u - 5*f + 131. What is the units digit of u?
3
Let j be (-13)/(-13) + (-32 - -1). Let u = -27 - j. What is the units digit of u?
3
Let w = 245 - 73. Let s = w + -74. What is the tens digit of s?
9
Suppose 5*f - 4*o + 3*o - 27466 = 0, 5*o - 11008 = -2*f. What is the tens digit of f?
9
Let l be 1*((-5)/(-1) + -3). Suppose 2*u - l*s = 147 + 35, u + s = 99. Let j = -68 + u. What is the units digit of j?
7
Let p(v) = 17*v**2 + 5*v - 59. What is the tens digit of p(5)?
9
Let m be (1 + -1 + -14)/(47/31443). What is the hundreds digit of ((-6)/(-5))/(4 + m/2345)?
2
Suppose -3*x + 2*x = -4. Suppose x*a - 11 = -h, 3*a - 10 = 2. What is the tens digit of -4 + h*(-12 - -1)?
5
Suppose -342*s + 6115 = -337*s. What is the tens digit of s?
2
Suppose -5*o + k + 6302 = 0, 0 = 4*o - 4*k + 2339 - 7371. Suppose 9*c = o + 764. What is the units digit of c?
5
What is the hundreds digit of (-3725)/(-35) + 28/49?
1
Suppose -12*j + 23799 = -12093. What is the tens digit of j?
9
Let q be 12 + -8 + 1/1. Let x be 327/q + 14/(-35). Suppose 2*m + u - x = -4*u, 2*m - 5*u - 95 = 0. What is the tens digit of m?
4
Let z(t) = 104*t**2 - t + 5. What is the units digit of z(2)?
9
Let b be (16/6)/((-1060)/(-264) + -4). Let p = b - 83. What is the tens digit of p?
9
Let x = -180 + -5. Let d = x - -362. What is the hundreds digit of d?
1
What is the tens digit of (-1)/((-13)/3391) + (-20)/(-130)?
6
What is the hundreds digit of (0 - 10/(-25))/((-1)/(-785))?
3
What is the hundreds digit of ((-81099)/(-24) - 6) + 3/(-24)?
3
Let c(d) = -334*d - 94. What is the tens digit of c(-3)?
0
What is the hundreds digit of 3/(-9)*15 + (549 - 2)?
5
Let h be (-3 - -23)*(-3)/(-5). What is the units digit of (2 - 1)/(4/h)?
3
Suppose -h - 4 = 3*t, 31 = -4*h - 0*h + 3*t. Suppose -6*q = -15 - 81. Let i = q + h. What is the units digit of i?
9
What is the tens digit of (-1)/(-4)*14 - 1276/(-8)?
6
Let x be (3/(-9)*0)/(-3). Suppose x = -3*p + 567 - 3. What is the hundreds digit of p?
1
Suppose -r = -4*r + 597. Suppose 3*p = r + 209. Suppose 3*j - 26 = p. What is the units digit of j?
4
Let x(t) = -78*t**3 - 5*t**2 - t + 2. What is the tens digit of x(-3)?
6
Let s(q) = -10*q**3 - 6*q**2 - 6*q - 2. Suppose 0 = -2*m - 10, -4*d = -2*m - 2 - 0. What is the tens digit of s(d)?
6
Suppose 0 = -35*v + 46*v - 5379. What is the tens digit of v?
8
Let l(m) = -3*m + 9. Let o be l(3). Suppose 3*f + t - 383 = o, f - 2*t = -3*f + 494. What is the units digit of f?